at is the remainder when p is divided by 20?
16
What is the remainder when (-2)/2 + 3 + 36 is divided by 10?
8
Suppose -5*n - 10 = -5. Let m(x) = 28*x**2 + 2*x + 1. Suppose g - 15 = -1. Calculate the remainder when m(n) is divided by g.
13
Let m be (-1)/(-3)*(9 + -3). Suppose 5*x = r - 5*r + 24, -18 = -3*r - m*x. What is the remainder when 10 is divided by r?
4
Let t = 205 - 91. Suppose 5*z + 5*y = 135, 2*z + z - y - 89 = 0. Calculate the remainder when t is divided by z.
27
Suppose -5*t - 3*s + 19 = -4*t, t - 3*s = 7. What is the remainder when 51 is divided by t?
12
Let w = 16 - 8. Let v(x) = -x**2 - 9*x + 6. What is the remainder when v(-8) is divided by w?
6
Suppose 3*b + d - 13 = 0, 0*b + 7 = 5*b - 2*d. Suppose 0 = -r + b + 6. Calculate the remainder when 24 is divided by r.
6
What is the remainder when 18 is divided by (-368)/(-48) - 4/6?
4
Let x = 59 + -36. Calculate the remainder when x is divided by 14.
9
Let b = -12 + 30. What is the remainder when 35 is divided by b?
17
Suppose 4*c - 4*q = 3*c + 95, 0 = -4*q + 4. Calculate the remainder when c is divided by 34.
31
Suppose 3*t - t + 4*n = -30, 3*t - 3*n = 0. Let b = -3 - t. Calculate the remainder when (-308)/(-9) + b/(-9) is divided by 12.
10
Suppose 0 = -3*f - 4*j + j + 30, 3*f - 62 = 5*j. Let k = -3 + f. Let v = -14 - -20. Calculate the remainder when k is divided by v.
5
Suppose 0 = -2*n - 0*n + 32. Let m(d) = -d**3 + 6*d**2 + 4*d + 2. What is the remainder when m(5) is divided by n?
15
Suppose -3*p + 15 + 3 = 0. Calculate the remainder when 21 is divided by p.
3
Suppose 0 = 3*u - 0*u - 93. Suppose q - 22 = -0*q. Calculate the remainder when u is divided by 246/q + 2/(-11).
9
Let o be 18 - (2 + -1 + -1). Suppose -i - 1 = 2*c - 11, -3*c = 2*i - o. Let z(k) = k**2 + 3*k + 6. What is the remainder when z(-4) is divided by i?
4
Suppose -3*w + 57 = -j, 4*w = -3*j + j + 86. Let x(s) = 13*s**2 - 2*s + 1. What is the remainder when x(-2) is divided by w?
17
Suppose 0 = k - 4 + 2. Suppose -6 = -4*s + k. Calculate the remainder when s is divided by 1.
0
Let l(n) = -16*n - 4. Calculate the remainder when 165 is divided by l(-2).
25
Suppose 0*n = 4*n + 12. Calculate the remainder when 15 is divided by (-4)/(16/(-36)) + n.
3
Suppose -3*j + 0*j = 210. Let m = j + 122. Calculate the remainder when m is divided by 18.
16
Let u be -71*(-1 + 2/(-2)). Suppose -5*i - u + 552 = 0. Suppose -7*s + 2*s + b = -i, 25 = 2*s - 3*b. Calculate the remainder when 66 is divided by s.
15
Suppose 0 = 5*g + 41 + 24. Let l = 3 - g. Suppose 0 = o + o - l. What is the remainder when 23 is divided by o?
7
Let a(g) = g**2 + 3*g + 6. Calculate the remainder when -3*4/6*-13 - -2 is divided by a(-4).
8
Suppose -2*u + 20 = -2*c - 10, 0 = u - 5*c - 15. Suppose 0 = -4*o + 5*i + 257, 14 = 2*o + i - 97. What is the remainder when o is divided by u?
13
Let y(n) = n**3 - n**2 + 5*n + 2. Calculate the remainder when y(4) is divided by 18.
16
Let x = -6 - -4. What is the remainder when 6/(-12)*100/x is divided by 7?
4
Calculate the remainder when 2 - -84 - (-5 - -2) is divided by 30.
29
Suppose 4*a - 5*i - 53 = 1, -3*i = -6. What is the remainder when 29 is divided by a?
13
Let y = 87 + -47. What is the remainder when 159 is divided by y?
39
Suppose -21*o + 96 = 3*o. Suppose 2*b - 19 - 11 = 0. Calculate the remainder when b is divided by o.
3
Suppose 5*y + 3*b = 7 - 19, b = -4*y - 4. Let d be (1 - y) + (-6 - -54). Let f = d - 18. What is the remainder when f is divided by 8?
7
Let y(f) = 5*f**2 - 4*f + 2. Suppose -6*v + 4*v - 4*m + 102 = 0, 5*m = -5. Calculate the remainder when v is divided by y(2).
11
Let b = -7 - -7. Let m = b + -3. Let s(v) = 3*v**2 + 3*v - 4. What is the remainder when 54 is divided by s(m)?
12
Let w = -10 - -12. Calculate the remainder when (-2 + 3)/((-2)/(-46)) is divided by w - 1 - (0 - 7).
7
Suppose -3*w + 50 = -2*g, -g + 26 = 3*w + 3*g. Let z = 10 + -6. Calculate the remainder when w is divided by z.
2
Let i = -1 - -5. Suppose -2*q + 21 = -0*f + f, -2*q = 3*f - 19. Calculate the remainder when q is divided by i.
3
Let r(c) = c**2 + 27*c + 21. What is the remainder when r(-27) is divided by 13?
8
Suppose -8*p + 12*p + 32 = 0. Calculate the remainder when (-3 - p/4) + 7 is divided by 3.
0
Let w = -8 + 19. Suppose -k = -m - 3, -k + 7 = -4*m + 2*k. Suppose g - 63 = -m*g. Calculate the remainder when g is divided by w.
10
Let w = 33 + -18. Calculate the remainder when w - (0 + (-1)/(-1)) is divided by 5.
4
Suppose 5*n + 3*u = 17 + 64, -53 = -3*n - 4*u. Let q = n + 10. What is the remainder when 73 is divided by q?
23
Calculate the remainder when 4 is divided by (-2 - -9 - 6)/(0 + 1).
0
Let h(i) = i**3 + 7*i**2 + 7*i + 5. Suppose 3*q = -2*q + 25. Suppose -q*c - 23 + 3 = 0. Calculate the remainder when h(c) is divided by 13.
12
Let i = 6 + -6. What is the remainder when (i + -80)*11/(-22) is divided by 14?
12
Suppose -9*h = -10*h + 4. Let d = 13 + -7. What is the remainder when d is divided by h?
2
Let j = -24 + 34. Let d = j + -6. Let w(y) = -y**3 + 6*y**2 - 5*y - 2. Calculate the remainder when w(d) is divided by 4.
2
Suppose 2*r + 104 = 6*r. Let d be 13 + -1 + (-6)/3. Suppose 1 - d = -o. Calculate the remainder when r is divided by o.
8
Suppose c + 30 = 3*c. Calculate the remainder when (-2 + 5 + -89)/(-2) is divided by c.
13
Let p be 1*(2 - 1) - -69. Suppose -2*b - 3*v = -p, 7*b + 4*v = 2*b + 168. Let s(h) = -2*h**2 - 22*h + 11. What is the remainder when b is divided by s(-11)?
10
What is the remainder when 108 is divided by (-146)/(-4) + (-1)/(-2)?
34
Let z(r) = 10*r**2 + 2*r + 2. Calculate the remainder when z(-1) is divided by 6.
4
Let l = 30 + -12. Let d be (-2 + 11)*(1 + l). Calculate the remainder when d/5 + (-1)/5 is divided by 12.
10
Let i = 23 + -12. Suppose 0 = -3*s + 42 + 54. What is the remainder when s is divided by i?
10
Let k = 17 - 12. Calculate the remainder when k is divided by 3.
2
Let l(p) = 160*p**3 - p**2 + 2*p. What is the remainder when l(1) is divided by 41?
38
Suppose -5*y = -5, -3*y - 32 = 3*s + y. Let d = 2 - s. What is the remainder when d is divided by 5?
4
Calculate the remainder when 1203/9 + (-2)/3 is divided by 34.
31
Suppose 5*q - 39 - 16 = 0. Suppose -2*l + q = -13. Calculate the remainder when 45 is divided by l.
9
Let c(z) = 2*z + 2. Suppose 0 = 5*u - 0*u - 15. What is the remainder when 14 is divided by c(u)?
6
Suppose 3*b + 2 = -1. What is the remainder when 50 is divided by -1 - 14*1/b?
11
Suppose -3*k - 2*x = -5*x - 288, -5*k + 2*x + 492 = 0. Suppose -k = t - 3*t. What is the remainder when t is divided by 13?
11
Let r(j) = j. Let q be r(4). Let n(f) = -5*f**2 + 17*f + 1. Let a(z) = -z**2 + 4*z. Let t(s) = 9*a(s) - 2*n(s). What is the remainder when t(q) is divided by 8?
6
Calculate the remainder when 26 is divided by 15 + (2 - 2)/3.
11
Let g(i) = i - 2. Calculate the remainder when 48 is divided by g(16).
6
Let a(t) = -t**3 - 2*t**2 - t + 76. Calculate the remainder when a(0) is divided by 24 - -1*(-2 - -4).
24
Suppose -42 = -3*w - 3*q, -2*q + 0 = -8. Suppose -15*x = -10*x - 90. Calculate the remainder when x is divided by w.
8
Suppose -3*j = 3*j - 90. Calculate the remainder when 27 is divided by j.
12
Let s(z) = -z**2 + 12*z + 5. Let v be s(12). Suppose 10 = 5*f - 0*f, -3*l + 43 = v*f. Let q(r) = -r - 1. What is the remainder when l is divided by q(-5)?
3
Suppose -y - 4*s + 5*s + 27 = 0, -y + 23 = -2*s. Let t = 14 + -3. What is the remainder when y is divided by t?
9
Let a be (0 + -12)*(-15)/5. Suppose -4*f + 4*b + a = 0, -2*f - 3*b = -4*b - 17. What is the remainder when 23 is divided by f/6*(-12)/(-2)?
7
Suppose 3*t = s + 7*t - 28, -2*t + 26 = 2*s. What is the remainder when 15 is divided by s?
7
Suppose f = 5*z + 72, 0*f + 156 = 3*f - 3*z. Calculate the remainder when f is divided by 25.
22
Let c be -4 - -4 - 1*-2. Suppose -5*h + 5*s = -215, 68 = 2*h + 4*s - 18. What is the remainder when h is divided by (-2 + 0)*(-15)/c?
13
Suppose 0 = v - 3*k - 17, -3*k - 10 = 2. Calculate the remainder when v is divided by 3.
2
Let u(o) = -o**2 + 10*o - 10. Calculate the remainder when u(7) is divided by 2 + 1 + (-1 - -3 - -1).
5
Let p(b) = 4*b + 3. What is the remainder when p(7) is divided by 8?
7
Suppose 0 = 4*q - 3*n - 2, 0 = q + n - 3 - 1. Suppose 0 = -4*g + q + 